 k + 8. Calculate the remainder when 35 is divided by w.
15
Let p(s) be the third derivative of 13*s**4/24 + 4*s**3/3 + 28*s**2. What is the remainder when 237 is divided by p(0)?
5
Suppose -10*j = -9*j + 4. Suppose -2*f + 7*f = 5. Calculate the remainder when 1/j - 290/(-8)*f is divided by 10.
6
Suppose 0 = -5*h + 158 + 162. Let c = h - 166. What is the remainder when 16 is divided by (-4 - c/10) + 1/(-5)?
4
Let r = -18748 - -18892. What is the remainder when 610 is divided by r?
34
Suppose -8*c + 556 = -540. Let u = -174 - -108. Let b = -38 - u. Calculate the remainder when c is divided by b.
25
Let r(n) = 5*n**2 - n - 3. Let c be r(2). Suppose 0 = -5*v - c, -3*q = v + 23 - 275. Calculate the remainder when q is divided by 22.
19
Suppose -20143 = -4*o - 5*a, -5*o = 3*a - 27891 + 2709. Calculate the remainder when o is divided by 16.
13
Let k(m) = m + 1. Let g(x) = -16. Let w(q) = -g(q) - 6*k(q). What is the remainder when 54 is divided by w(-3)?
26
Suppose i - 21*i + 114752 = 24*i. Calculate the remainder when i is divided by 29.
27
Let c = -198 + 286. Let j = c - 153. What is the remainder when (-10)/j + (-835)/(-65) is divided by 3?
1
Suppose -12*i = -1301 - 2191. Suppose 54*m + i = 57*m. Suppose -3*b = -9, 0 = -4*x + 2*b + 33 + 41. What is the remainder when m is divided by x?
17
Let f(b) = 206*b - 303. Calculate the remainder when f(7) is divided by 282.
11
Suppose -2 = -j, -6*m + m + 7 = -4*j. Suppose 2*f = 3*f + m*f. Suppose f = -3*b + c + 43, -b = -3*b - 3*c + 25. What is the remainder when b is divided by 10?
4
Let c(z) = -3*z + 1 - 8 + 7*z + 34. What is the remainder when c(8) is divided by 20?
19
Let s = -33 - -313. Suppose 23*n = 3*n + s. Suppose 5*j + 240 = 5*u, 2*u - 4*j = 3*u - 73. What is the remainder when u is divided by n?
11
What is the remainder when 1281 is divided by (108/16)/((-57)/(-988))?
111
Let v(b) = -30*b - 1194. Calculate the remainder when 147 is divided by v(-40).
3
Let m(s) = -7*s**3 + 8*s**2 + 4*s + 4. Let b be m(-3). Suppose 7*z = -4*z + b. Calculate the remainder when 64 is divided by z.
18
Suppose -17*d + 118 + 577 = -767. Let f be 20/3*24/20. Suppose 14 + f = o. What is the remainder when d is divided by o?
20
Suppose -2013 = -t + y, 3*t + 2*y = 2*t + 2016. Calculate the remainder when t is divided by 63.
61
Let i(z) = -z**2 - 8*z + 18. Suppose -29*y - 6 = -32*y. Let m be i(y). Calculate the remainder when 68 - ((-2)/(-6)*0)/m is divided by 14.
12
Suppose -96*u + 194*u - 92*u = 5748. What is the remainder when u is divided by 20?
18
Let r = 44 - 39. Suppose 2 - 17 = -r*s. Suppose -4*n + s*n = -38. Calculate the remainder when 151 is divided by n.
37
What is the remainder when (6867/3276 + 2/13)*(-14440)/(-15) is divided by 196?
10
Let l = 13603 + -13304. What is the remainder when l is divided by 85?
44
Let n(f) = -75*f + 1089. What is the remainder when 458 is divided by n(14)?
29
Let r(h) = 260*h**2 + 429*h - 1270. Calculate the remainder when r(3) is divided by 262.
261
Suppose -4*d - 294 - 346 = 0. Let h = d + 232. Calculate the remainder when h is divided by 21/14*(-1 - 43/(-3)).
12
Let u(r) = -2*r + 71. Let z be (-1050)/(-34) - 12/(-102). Calculate the remainder when 206 is divided by u(z).
8
Suppose 2*g - 4 = 0, 1385*w - 1382*w - 215 = 5*g. Calculate the remainder when w is divided by 5.
0
Suppose 0 = 4*x + 2*h - 112, 4*x - 7*x = -3*h - 93. Calculate the remainder when 595 is divided by x.
15
Let k be (1230/(-8))/((-9)/24). Let s = k + -391. What is the remainder when s is divided by 10?
9
Let z = 533 + -303. Suppose 4*a - 2*a + z = 0. Let l = 222 + a. What is the remainder when l is divided by 36?
35
Let x be (5 + 2 + 1)/(2/1). Let w be 8/(-3)*4/(x/(-51)). Suppose -j - w = -5*d, -8*d + 3*j = -4*d - 111. Calculate the remainder when 78 is divided by d.
24
What is the remainder when 741 is divided by 2/(-1)*43/(430/(-375))?
66
Let t(l) = -7*l**3 + l**2 + 2*l + 2. Let s be (-4)/(-5) - 396/(-55). Suppose 12*c - 20 = s*c. What is the remainder when t(-2) is divided by c?
3
Suppose 954*k - 957*k = -5*o + 231, -4*o + 4*k = -188. Calculate the remainder when 534 is divided by o.
39
Suppose 0*m + 4*v + 80 = 4*m, -3 = -3*v. Let b be 26/((2 + -4)*1). Let s = b + 19. Calculate the remainder when m is divided by s.
3
Calculate the remainder when 3/(-2)*(-76)/6 is divided by (-29)/(348/(-264)) - 10.
7
Let y be 0*(-3)/12 + 2. Suppose r - 3*r = y. Let w(u) = 38*u**2 - 4*u - 5. What is the remainder when w(r) is divided by 13?
11
Let w(f) = -2473*f + 12415. What is the remainder when 558 is divided by w(5)?
8
Suppose 0 = -2*w - 2*w - 5*s + 38, 2*s - 25 = -3*w. What is the remainder when (20 - 16 - 24) + 60 is divided by w?
5
Let b(a) be the first derivative of 10*a**2 - 11*a**2 + 3 - 2*a**2 - 5*a. Calculate the remainder when 33 is divided by b(-2).
5
Let s(o) = o**2 + 3*o - 33. Suppose 4*i + a + 17 = 3, 0 = 2*i - 2*a + 2. Let q(d) = d + 8. What is the remainder when s(-10) is divided by q(i)?
2
Let b be 90/225 + (-236)/(-10). Suppose -157*s = -149*s - b. What is the remainder when 35 is divided by s?
2
Let j be 8178/33 - (-6)/(-33)*-1. What is the remainder when 369 is divided by (j/(-12))/(8/(-12))?
28
Suppose 12*d + 66 = 18*d. Let c(x) = 20*x - 203. What is the remainder when c(d) is divided by 5?
2
Let s(v) = -3*v**3 - 3*v**2 - 4*v + 682. Calculate the remainder when 6141 is divided by s(0).
3
Let v = -7558 - -13821. Calculate the remainder when v is divided by 2085.
8
Suppose -i + 7 = 4*z, 5*i - 53 = 2*i + 4*z. What is the remainder when 239 is divided by i?
14
Let r = -7874 - -7898. What is the remainder when 741 is divided by r?
21
Let o = -693 - -703. What is the remainder when 258 is divided by o?
8
Suppose -895*v = -926*v + 5766. Calculate the remainder when v is divided by 63.
60
Calculate the remainder when 750 is divided by (93 - 131)*(-10)/8*2.
85
Let j = 12791 - 12154. What is the remainder when j is divided by 68?
25
Suppose -5*m + t + 98 + 452 = 0, 3*t + 15 = 0. Let q(z) = -z**3 + 5*z**2 + 6*z + 7. Calculate the remainder when m is divided by q(6).
4
Suppose 0*b = 4*b - 52. Suppose 4*u - 650 = -2358. Let g = -379 - u. What is the remainder when g is divided by b?
9
Let s be 288/360 + (3404/(-5) - 1). Let q = s - -796. Calculate the remainder when q is divided by 10/(2 + (-5)/3).
25
Let h(c) be the first derivative of -c**4/4 + 6*c**3 - 14*c**2 + 4*c + 60. What is the remainder when h(14) is divided by 100?
96
Suppose -3698 = 281*k - 367*k. Calculate the remainder when 683 is divided by k.
38
Suppose 2*t - 5 = 3*u, -5*t + 2*u + 45 = u. Calculate the remainder when (127/2)/(t/20) + 3 is divided by 36.
22
Let z = -89 + 159. What is the remainder when (-460)/6*30/(-800)*48 is divided by z?
68
Calculate the remainder when 135 is divided by -1 + 4 + (-218)/(-5 + (-9)/(-3)).
23
Suppose m = f + 4, 2*f + f + 6 = 0. Suppose 2*r + 16 = -3*b - 40, -4*b - 2*r - 76 = 0. Calculate the remainder when ((-48)/b)/((-18)/(-60)) is divided by m.
0
Let d = 152 + -62. Suppose -2*w = -4*f - 186, 3*f + 2*f + d = w. What is the remainder when w is divided by 24?
23
Suppose -w - k - 6 = 0, 3*w + 16 = -3*k + k. Calculate the remainder when 85 is divided by 6 + 5/w*-8.
5
Suppose -q = -4*z + 101, 2*z - 3*q - 135 = -3*z. Let a = -236 - -342. Suppose -j - u - 34 + a = 0, -2*u = -4. What is the remainder when j is divided by z?
22
Let q = -12 + 12. Suppose -24 = 3*a - q*a. Calculate the remainder when (4/a)/((-3)/78) is divided by 4.
1
Suppose -2*h = 5*x - 1, -134*h = -x - 136*h - 3. Calculate the remainder when 404 is divided by x.
0
What is the remainder when 37/(399/190 - 2) is divided by 14?
6
Let y = 6786 - 5853. Calculate the remainder when y is divided by 60.
33
Let g(h) = h**2 - 7*h - 2. Suppose -3*c - 2 = -51*j + 47*j, -5*c = -4*j - 18. Calculate the remainder when g(-6) is divided by c.
6
Let k(f) = -4*f**2 + f. Let z(l) = 45*l**2 - 2*l + 9. Let h(i) = 11*k(i) + z(i). Let p be (2/3)/((-1)/18). Calculate the remainder when h(p) is divided by 12.
9
Let u(v) = v + 35. Let k(m) = m**2 - 14*m + 32. Let d be k(12). Calculate the remainder when u(d) is divided by ((-30)/4)/(1/(-2)).
13
Let l = -4764 - -4947. Calculate the remainder when 1070 is divided by l.
155
Suppose -104*i + 95*i = -3249. Let w = i - 332. Calculate t